{"id":6,"date":"2024-12-20T15:39:40","date_gmt":"2024-12-20T15:39:40","guid":{"rendered":"https:\/\/elhervidero.reely.es\/?page_id=6"},"modified":"2024-12-20T16:45:20","modified_gmt":"2024-12-20T16:45:20","slug":"el-hervidero-podcast","status":"publish","type":"page","link":"https:\/\/elhervidero.reely.es\/","title":{"rendered":"El Hervidero Podcast"},"content":{"rendered":"\n<div class=\"wp-block-cover alignfull has-custom-content-position is-position-bottom-center\" style=\"margin-top:0;margin-bottom:0;padding-top:var(--wp--preset--spacing--50);padding-right:var(--wp--preset--spacing--50);padding-bottom:var(--wp--preset--spacing--50);padding-left:var(--wp--preset--spacing--50);min-height:840px;aspect-ratio:unset;\"><span aria-hidden=\"true\" class=\"wp-block-cover__background has-background-dim-10 has-background-dim\"><\/span><img loading=\"lazy\" decoding=\"async\" width=\"976\" height=\"360\" class=\"wp-block-cover__image-background wp-image-9\" alt=\"\" src=\"https:\/\/elhervidero.reely.es\/wp-content\/uploads\/2024\/12\/podcsst1.jpg\" data-object-fit=\"cover\" srcset=\"https:\/\/elhervidero.reely.es\/wp-content\/uploads\/2024\/12\/podcsst1.jpg 976w, https:\/\/elhervidero.reely.es\/wp-content\/uploads\/2024\/12\/podcsst1-300x111.jpg 300w, https:\/\/elhervidero.reely.es\/wp-content\/uploads\/2024\/12\/podcsst1-768x283.jpg 768w\" sizes=\"auto, (max-width: 976px) 100vw, 976px\" \/><div class=\"wp-block-cover__inner-container has-global-padding is-layout-constrained wp-container-core-cover-is-layout-d89aad35 wp-block-cover-is-layout-constrained\">\n<div class=\"wp-block-group alignwide has-global-padding is-content-justification-left is-layout-constrained wp-container-core-group-is-layout-12dd3699 wp-block-group-is-layout-constrained\">\n<h2 class=\"wp-block-heading has-text-align-left has-xx-large-font-size\">El hervidero de Podcasts<\/h2>\n\n\n\n<p class=\"has-text-align-left\">Los medios digitales, especialmente los podcasts, se han consolidado como plataformas esenciales para la difusi\u00f3n cultural, favoreciendo la creatividad, el di\u00e1logo y la participaci\u00f3n ciudadana. En Granada, la escena cultural se ha convertido en un espacio de encuentro, no s\u00f3lo para artistas ya consolidados, sino para creadores emergentes y proyectos independientes. En este contexto, la ciudad se presenta como un punto clave para la reflexi\u00f3n, el debate y la innovaci\u00f3n cultural, posicion\u00e1ndose como un referente en el panorama art\u00edstico a nivel nacional. Aprovechando, adem\u00e1s, eventos culturales tan importantes como la celebraci\u00f3n de los Premios Goya 2025, y la candidatura de Granada a Capital Europea de la cultura 2031.<\/p>\n<\/div>\n<\/div><\/div>\n\n\n\n<div class=\"wp-block-group alignfull is-style-section-5 has-global-padding is-layout-constrained wp-block-group-is-layout-constrained is-style-section-5--1\" style=\"margin-top:0;margin-bottom:0;padding-top:var(--wp--preset--spacing--50);padding-bottom:var(--wp--preset--spacing--50)\">\n<div class=\"wp-block-columns alignwide is-layout-flex wp-container-core-columns-is-layout-7ee84d44 wp-block-columns-is-layout-flex\">\n<div class=\"wp-block-column is-vertically-aligned-center is-layout-flow wp-block-column-is-layout-flow\" style=\"flex-basis:50%\">\n<h2 class=\"wp-block-heading\">Sobre el proyecto<\/h2>\n\n\n\n<p class=\"has-medium-font-size\">El proyecto consiste en la creaci\u00f3n de una incubadora de podcasts en Granada, cuyo objetivo es impulsar la producci\u00f3n de contenidos enfocados en la diversidad cultural. Este proyecto busca utilizar el podcast como una herramienta para fomentar el emprendimiento y la creaci\u00f3n de redes culturales, promoviendo adem\u00e1s la sensibilizaci\u00f3n y visibilizando las artes esc\u00e9nicas locales. Este programa contribuir\u00e1 a la innovaci\u00f3n, la diversidad y la equidad en los medios, fomentando el uso responsable de las nuevas tecnolog\u00edas, y apoyando iniciativas culturales de distinta tem\u00e1tica social.<\/p>\n\n\n\n<p>A trav\u00e9s de la incubadora, se ofrecer\u00e1n recursos, acompa\u00f1amiento y apoyo t\u00e9cnico para la creaci\u00f3n, producci\u00f3n y difusi\u00f3n de podcasts, facilitando el acceso de creadores emergentes a una plataforma donde se puedan desarrollar los proyectos en toda su extensi\u00f3n.&nbsp;<\/p>\n\n\n\n<p>Con el objetivo de crear cinco video-podcasts enfocados en cultura, artes esc\u00e9nicas, inclusi\u00f3n y g\u00e9nero, se proporcionar\u00e1 un programa de mentorizaci\u00f3n personalizado, desde la concepci\u00f3n de la idea hasta la edici\u00f3n final, con el acompa\u00f1amiento de profesionales experimentados en comunicaci\u00f3n, artes esc\u00e9nicas y producci\u00f3n digital.<\/p>\n\n\n\n<p class=\"has-medium-font-size\">El proyecto tambi\u00e9n brindar\u00e1 un espacio adecuado para la grabaci\u00f3n y equipamiento, diferenci\u00e1ndose en la calidad de las grabaciones, tanto en audio como en imagen, para garantizar un resultado profesional.<\/p>\n<\/div>\n\n\n\n<div class=\"wp-block-column is-vertically-aligned-center is-layout-flow wp-block-column-is-layout-flow\" style=\"flex-basis:50%\">\n<figure class=\"wp-block-image size-full\"><img loading=\"lazy\" decoding=\"async\" width=\"1200\" height=\"800\" src=\"https:\/\/elhervidero.reely.es\/wp-content\/uploads\/2024\/12\/podcast-script-microphone.jpg\" alt=\"\" class=\"wp-image-10\" style=\"aspect-ratio:1;object-fit:cover\" srcset=\"https:\/\/elhervidero.reely.es\/wp-content\/uploads\/2024\/12\/podcast-script-microphone.jpg 1200w, https:\/\/elhervidero.reely.es\/wp-content\/uploads\/2024\/12\/podcast-script-microphone-300x200.jpg 300w, https:\/\/elhervidero.reely.es\/wp-content\/uploads\/2024\/12\/podcast-script-microphone-1024x683.jpg 1024w, https:\/\/elhervidero.reely.es\/wp-content\/uploads\/2024\/12\/podcast-script-microphone-768x512.jpg 768w\" sizes=\"auto, (max-width: 1200px) 100vw, 1200px\" \/><\/figure>\n<\/div>\n<\/div>\n<\/div>\n\n\n\n<div class=\"wp-block-group alignfull has-global-padding is-layout-constrained wp-block-group-is-layout-constrained\" style=\"margin-top:0;margin-bottom:0\">\n<div class=\"wp-block-group alignwide is-layout-grid wp-container-core-group-is-layout-5fdb10e5 wp-block-group-is-layout-grid\" style=\"padding-top:var(--wp--preset--spacing--50);padding-bottom:var(--wp--preset--spacing--50)\">\n<div class=\"wp-block-group is-vertical is-content-justification-stretch is-nowrap is-layout-flex wp-container-core-group-is-layout-627337ab wp-block-group-is-layout-flex\">\n<div class=\"wp-block-group is-vertical is-content-justification-left is-layout-flex wp-container-core-group-is-layout-dd225191 wp-block-group-is-layout-flex\">\n<h2 class=\"wp-block-heading is-style-text-annotation is-style-text-annotation--2\">\u00bfQuienes somos?<\/h2>\n\n\n\n<p class=\"is-style-text-subtitle is-style-text-subtitle--3\">Reely Rental es una empresa creada en 2022, con sede en Granada, dedicada a la producci\u00f3n audiovisual, y al asesoramiento y alquiler de equipos audiovisuales y cinematogr\u00e1ficos.&nbsp;<\/p>\n\n\n\n<p>Desde su creaci\u00f3n, Reely Rental ha trabajado en numerosos proyectos audiovisuales de prestigio, a nivel nacional e internacional.<\/p>\n\n\n\n<p>En ficci\u00f3n, podemos destacar pel\u00edculas tan reconocidas como <em>La Sociedad de la Nieve<\/em>, y <em>Segundo Premio,<\/em> (candidatas espa\u00f1olas a los Oscars 2023 y 2025), adem\u00e1s de series como <em>La Unidad<\/em> o <em>Urban.<\/em><\/p>\n\n\n\n<p>En publicidad, Reely Rental ha estado presente en los spots de marcas como Cervezas Alhambra, Lanjar\u00f3n, KIA, Range Rover, Louis Vuitton o Porsche. Con respecto al videoclip, ha formado parte en producciones de artistas como Lola Indigo, La Plazuela, DellaFuente o Saiko.&nbsp;<\/p>\n\n\n\n<p class=\"is-style-text-subtitle is-style-text-subtitle--4\">En estos dos \u00faltimos a\u00f1os, adem\u00e1s hemos colaborado activamente con la Universidad de Granada, centros de formaci\u00f3n profesional audiovisual, Ayuntamiento y Diputaci\u00f3n de Granada, posicion\u00e1ndonos como empresa referente en el sector audiovisual de la provincia.<\/p>\n<\/div>\n\n\n\n<figure class=\"wp-block-image size-full\"><img loading=\"lazy\" decoding=\"async\" width=\"1200\" height=\"800\" src=\"https:\/\/elhervidero.reely.es\/wp-content\/uploads\/2024\/12\/podcast-script-microphone-1.jpg\" alt=\"\" class=\"wp-image-12\" style=\"aspect-ratio:16\/9;object-fit:cover\" srcset=\"https:\/\/elhervidero.reely.es\/wp-content\/uploads\/2024\/12\/podcast-script-microphone-1.jpg 1200w, https:\/\/elhervidero.reely.es\/wp-content\/uploads\/2024\/12\/podcast-script-microphone-1-300x200.jpg 300w, https:\/\/elhervidero.reely.es\/wp-content\/uploads\/2024\/12\/podcast-script-microphone-1-1024x683.jpg 1024w, https:\/\/elhervidero.reely.es\/wp-content\/uploads\/2024\/12\/podcast-script-microphone-1-768x512.jpg 768w\" sizes=\"auto, (max-width: 1200px) 100vw, 1200px\" \/><\/figure>\n<\/div>\n\n\n\n<figure class=\"wp-block-image size-full\"><img loading=\"lazy\" decoding=\"async\" width=\"1299\" height=\"674\" src=\"https:\/\/elhervidero.reely.es\/wp-content\/uploads\/2024\/12\/decorados.jpg\" alt=\"\" class=\"wp-image-11\" style=\"aspect-ratio:3\/4;object-fit:cover\" srcset=\"https:\/\/elhervidero.reely.es\/wp-content\/uploads\/2024\/12\/decorados.jpg 1299w, https:\/\/elhervidero.reely.es\/wp-content\/uploads\/2024\/12\/decorados-300x156.jpg 300w, https:\/\/elhervidero.reely.es\/wp-content\/uploads\/2024\/12\/decorados-1024x531.jpg 1024w, https:\/\/elhervidero.reely.es\/wp-content\/uploads\/2024\/12\/decorados-768x398.jpg 768w\" sizes=\"auto, (max-width: 1299px) 100vw, 1299px\" \/><\/figure>\n<\/div>\n<\/div>\n\n\n\n<div class=\"wp-block-group alignfull has-global-padding is-layout-constrained wp-block-group-is-layout-constrained\" style=\"margin-top:0;margin-bottom:0\">\n<div class=\"wp-block-group alignwide is-layout-flow wp-container-core-group-is-layout-d58a0413 wp-block-group-is-layout-flow\" style=\"padding-top:var(--wp--preset--spacing--50);padding-bottom:var(--wp--preset--spacing--50)\">\n<h2 class=\"wp-block-heading has-x-large-font-size\">Fases del proyecto<\/h2>\n\n\n\n<div class=\"wp-block-columns is-layout-flex wp-container-core-columns-is-layout-cbe57604 wp-block-columns-is-layout-flex\">\n<div class=\"wp-block-column is-layout-flow wp-block-column-is-layout-flow\">\n<div class=\"wp-block-group is-layout-flow wp-block-group-is-layout-flow\" style=\"border-top-color:var(--wp--preset--color--accent-6);border-top-width:1px;padding-top:var(--wp--preset--spacing--30);padding-bottom:var(--wp--preset--spacing--30)\">\n<h3 class=\"wp-block-heading\"><strong>Fase 1: Diagn\u00f3stico Inicial y Planificaci\u00f3n del Proyecto<\/strong><\/h3>\n\n\n\n<p>El objetivo es entender las ideas y necesidades del creador y establecer un plan claro.<\/p>\n\n\n\n<p><strong>Actividades:<\/strong><\/p>\n\n\n\n<p>\u00b7&nbsp; &nbsp; &nbsp; &nbsp; <strong>Entrevista de inicio<\/strong>: en la que se profundice en la idea, visi\u00f3n, motivaciones y objetivos. Se llevar\u00e1 a cabo un an\u00e1lisis del perfil del creador: fortalezas, experiencia y \u00e1reas de mejora.<\/p>\n\n\n\n<p>\u00b7&nbsp; &nbsp; &nbsp; &nbsp; <strong>Definici\u00f3n del concepto y tem\u00e1tica:<\/strong> se trabajar\u00e1 sobre la originalidad de la idea, y la adecuaci\u00f3n a la audiencia objeto.<\/p>\n\n\n\n<p>\u00b7&nbsp; &nbsp; &nbsp; &nbsp; <strong>Desarrollo del plan de contenido:<\/strong> se establecer\u00e1 la estructura del podcast (episodios, duraci\u00f3n, formato: entrevistas, narrativo, periodicidad, etc.).<\/p>\n\n\n\n<p>\u00b7&nbsp; &nbsp; &nbsp; &nbsp; <strong>Establecimiento de metas y cronograma:<\/strong> se realizar\u00e1 un plan que detalle los plazos para la grabaci\u00f3n, edici\u00f3n y lanzamiento de los episodios. Tambi\u00e9n se definir\u00e1n las metas concretas (n\u00famero de episodios, frecuencia de publicaci\u00f3n, objetivos de audiencia).<\/p>\n<\/div>\n<\/div>\n\n\n\n<div class=\"wp-block-column is-layout-flow wp-block-column-is-layout-flow\">\n<div class=\"wp-block-group is-layout-flow wp-block-group-is-layout-flow\" style=\"border-top-color:var(--wp--preset--color--accent-6);border-top-width:1px;padding-top:var(--wp--preset--spacing--30);padding-bottom:var(--wp--preset--spacing--30)\">\n<h3 class=\"wp-block-heading\"><strong>Fase 2: Desarrollo del Contenido y Preparaci\u00f3n de la Producci\u00f3n<\/strong><\/h3>\n\n\n\n<p>Tendr\u00e1 como objeto desarrollar el contenido y la estructura del podcast para garantizar que sea atractivo, inclusivo y bien producido.<\/p>\n\n\n\n<p><strong>Actividades:<\/strong><\/p>\n\n\n\n<p>\u00b7&nbsp; &nbsp; &nbsp; &nbsp; <strong>Asesoramiento en la creaci\u00f3n del gui\u00f3n: <\/strong>se dar\u00e1 soporte y asesor\u00eda en la redacci\u00f3n de los guiones, garantizando un flujo narrativo atrayente.<\/p>\n\n\n\n<p>\u00b7&nbsp; &nbsp; &nbsp; &nbsp; <strong>Entrenamiento en habilidades de locuci\u00f3n y entrevista:<\/strong> se har\u00e1 una capacitaci\u00f3n sobre t\u00e9cnicas de locuci\u00f3n: tono de voz, claridad, cadencia, y c\u00f3mo mantener la atenci\u00f3n del oyente.<\/p>\n\n\n\n<p>\u00b7&nbsp; &nbsp; &nbsp; &nbsp; <strong>Preparaci\u00f3n t\u00e9cnica para la grabaci\u00f3n: <\/strong>se har\u00e1 una selecci\u00f3n del equipo ideal de grabaci\u00f3n (micr\u00f3fonos, c\u00e1maras, luces, software de grabaci\u00f3n y edici\u00f3n), realizando pruebas y explicando c\u00f3mo conseguir y mantener una ac\u00fastica e imagen \u00f3ptimas.<\/p>\n<\/div>\n<\/div>\n<\/div>\n\n\n\n<div class=\"wp-block-columns is-layout-flex wp-container-core-columns-is-layout-cbe57604 wp-block-columns-is-layout-flex\">\n<div class=\"wp-block-column is-layout-flow wp-block-column-is-layout-flow\">\n<div class=\"wp-block-group is-layout-flow wp-block-group-is-layout-flow\" style=\"border-top-color:var(--wp--preset--color--accent-6);border-top-width:1px;padding-top:var(--wp--preset--spacing--30);padding-bottom:var(--wp--preset--spacing--30)\">\n<h3 class=\"wp-block-heading\"><strong>Fase 3: Producci\u00f3n y Grabaci\u00f3n de Episodios<\/strong><\/h3>\n\n\n\n<p>Se acompa\u00f1ar\u00e1 y supervisar\u00e1 la grabaci\u00f3n y edici\u00f3n de los primeros episodios, brindando feedback y ajustando detalles.<\/p>\n\n\n\n<p><strong>Actividades:<\/strong><\/p>\n\n\n\n<p>\u00b7&nbsp; &nbsp; &nbsp; &nbsp; <strong>Asesor\u00eda durante la grabaci\u00f3n<\/strong>: se supervisar\u00e1 el proceso de grabaci\u00f3n por t\u00e9cnicos cualificados para garantizar un resultado de m\u00e1xima calidad.<\/p>\n\n\n\n<p>\u00b7&nbsp; &nbsp; &nbsp; &nbsp; <strong>Edici\u00f3n de los episodios<\/strong>: se llevar\u00e1 a cabo una revisi\u00f3n y apoyo en la edici\u00f3n de los episodios grabados, asegurando una producci\u00f3n fluida y profesional, con una inclusi\u00f3n de efectos de sonido, m\u00fasica y otros recursos que mejoren la experiencia del oyente.<\/p>\n\n\n\n<p>\u00b7&nbsp; &nbsp; &nbsp; &nbsp; <strong>Feedback sobre contenido<\/strong>: se revisar\u00e1 la coherencia del contenido con los objetivos iniciales del proyecto, sugiriendo ajustes si es necesario para mantener la integridad del mensaje cultural y de inclusi\u00f3n.<\/p>\n<\/div>\n<\/div>\n\n\n\n<div class=\"wp-block-column is-layout-flow wp-block-column-is-layout-flow\">\n<div class=\"wp-block-group is-layout-flow wp-block-group-is-layout-flow\" style=\"border-top-color:var(--wp--preset--color--accent-6);border-top-width:1px;padding-top:var(--wp--preset--spacing--30);padding-bottom:var(--wp--preset--spacing--30)\">\n<h3 class=\"wp-block-heading\"><strong>Fase 4: Estrategia de Difusi\u00f3n y Comercializaci\u00f3n<\/strong><\/h3>\n\n\n\n<p>Esta actividad se define en el plan de difusi\u00f3n y comercializaci\u00f3n de la memoria.<\/p>\n\n\n\n<p><strong>Fase 5: Seguimiento final:&nbsp;<\/strong><\/p>\n\n\n\n<p>Al finalizar el proyecto de desarrollo, se realizar\u00e1 una evaluaci\u00f3n exhaustiva que incluir\u00e1 an\u00e1lisis cuantitativos y cualitativos. El <strong>an\u00e1lisis cuantitativo<\/strong> evaluar\u00e1 datos como el n\u00famero de episodios, descargas, tiempo de escucha, crecimiento de la audiencia y la interacci\u00f3n en redes sociales, para medir el alcance y el impacto. El <strong>an\u00e1lisis cualitativo<\/strong> se centrar\u00e1 en la percepci\u00f3n de la audiencia a trav\u00e9s de encuestas y comentarios en redes, identificando aspectos valorados como la calidad del contenido y la conexi\u00f3n con los oyentes.A partir de los resultados, se destacar\u00e1n los aspectos exitosos y las \u00e1reas de mejora. Para la continuidad, se planificar\u00e1n <strong>nuevas temporadas<\/strong> con temas y formatos actualizados, buscando expansi\u00f3n de la audiencia mediante nuevos canales de distribuci\u00f3n y colaboraciones. Adem\u00e1s, se explorar\u00e1n nuevas fuentes de ingresos y se optimizar\u00e1n las <strong>estrategias de monetizaci\u00f3n<\/strong>.<\/p>\n<\/div>\n<\/div>\n<\/div>\n<\/div>\n<\/div>\n\n\n\n<div class=\"wp-block-group alignfull has-global-padding is-layout-constrained wp-container-core-group-is-layout-08655630 wp-block-group-is-layout-constrained\" style=\"margin-top:0;margin-bottom:0;padding-top:var(--wp--preset--spacing--80);padding-bottom:var(--wp--preset--spacing--80)\">\n<div class=\"wp-block-group alignwide is-layout-flow wp-block-group-is-layout-flow\">\n<p class=\"has-text-align-center is-style-text-display is-style-text-display--5\" style=\"font-style:normal;font-weight:400\">\u00bfQuieres saber m\u00e1s? <br><a href=\"#\" rel=\"nofollow\">Cont\u00e1ctanos<\/a><\/p>\n\n\n\n<div style=\"height:var(--wp--preset--spacing--40)\" aria-hidden=\"true\" class=\"wp-block-spacer\"><\/div>\n\n\n\n<ul class=\"wp-block-social-links has-icon-color is-style-logos-only is-content-justification-center is-layout-flex wp-container-core-social-links-is-layout-a89b3969 wp-block-social-links-is-layout-flex\"><li class=\"wp-social-link wp-social-link-facebook has-contrast-color wp-block-social-link\"><a href=\"#reelyrental\" class=\"wp-block-social-link-anchor\"><svg width=\"24\" height=\"24\" viewBox=\"0 0 24 24\" version=\"1.1\" xmlns=\"http:\/\/www.w3.org\/2000\/svg\" aria-hidden=\"true\" focusable=\"false\"><path d=\"M12 2C6.5 2 2 6.5 2 12c0 5 3.7 9.1 8.4 9.9v-7H7.9V12h2.5V9.8c0-2.5 1.5-3.9 3.8-3.9 1.1 0 2.2.2 2.2.2v2.5h-1.3c-1.2 0-1.6.8-1.6 1.6V12h2.8l-.4 2.9h-2.3v7C18.3 21.1 22 17 22 12c0-5.5-4.5-10-10-10z\"><\/path><\/svg><span class=\"wp-block-social-link-label screen-reader-text\">Facebook<\/span><\/a><\/li>\n\n<li class=\"wp-social-link wp-social-link-instagram has-contrast-color wp-block-social-link\"><a href=\"#reelyrental\" class=\"wp-block-social-link-anchor\"><svg width=\"24\" height=\"24\" viewBox=\"0 0 24 24\" version=\"1.1\" xmlns=\"http:\/\/www.w3.org\/2000\/svg\" aria-hidden=\"true\" focusable=\"false\"><path d=\"M12,4.622c2.403,0,2.688,0.009,3.637,0.052c0.877,0.04,1.354,0.187,1.671,0.31c0.42,0.163,0.72,0.358,1.035,0.673 c0.315,0.315,0.51,0.615,0.673,1.035c0.123,0.317,0.27,0.794,0.31,1.671c0.043,0.949,0.052,1.234,0.052,3.637 s-0.009,2.688-0.052,3.637c-0.04,0.877-0.187,1.354-0.31,1.671c-0.163,0.42-0.358,0.72-0.673,1.035 c-0.315,0.315-0.615,0.51-1.035,0.673c-0.317,0.123-0.794,0.27-1.671,0.31c-0.949,0.043-1.233,0.052-3.637,0.052 s-2.688-0.009-3.637-0.052c-0.877-0.04-1.354-0.187-1.671-0.31c-0.42-0.163-0.72-0.358-1.035-0.673 c-0.315-0.315-0.51-0.615-0.673-1.035c-0.123-0.317-0.27-0.794-0.31-1.671C4.631,14.688,4.622,14.403,4.622,12 s0.009-2.688,0.052-3.637c0.04-0.877,0.187-1.354,0.31-1.671c0.163-0.42,0.358-0.72,0.673-1.035 c0.315-0.315,0.615-0.51,1.035-0.673c0.317-0.123,0.794-0.27,1.671-0.31C9.312,4.631,9.597,4.622,12,4.622 M12,3 C9.556,3,9.249,3.01,8.289,3.054C7.331,3.098,6.677,3.25,6.105,3.472C5.513,3.702,5.011,4.01,4.511,4.511 c-0.5,0.5-0.808,1.002-1.038,1.594C3.25,6.677,3.098,7.331,3.054,8.289C3.01,9.249,3,9.556,3,12c0,2.444,0.01,2.751,0.054,3.711 c0.044,0.958,0.196,1.612,0.418,2.185c0.23,0.592,0.538,1.094,1.038,1.594c0.5,0.5,1.002,0.808,1.594,1.038 c0.572,0.222,1.227,0.375,2.185,0.418C9.249,20.99,9.556,21,12,21s2.751-0.01,3.711-0.054c0.958-0.044,1.612-0.196,2.185-0.418 c0.592-0.23,1.094-0.538,1.594-1.038c0.5-0.5,0.808-1.002,1.038-1.594c0.222-0.572,0.375-1.227,0.418-2.185 C20.99,14.751,21,14.444,21,12s-0.01-2.751-0.054-3.711c-0.044-0.958-0.196-1.612-0.418-2.185c-0.23-0.592-0.538-1.094-1.038-1.594 c-0.5-0.5-1.002-0.808-1.594-1.038c-0.572-0.222-1.227-0.375-2.185-0.418C14.751,3.01,14.444,3,12,3L12,3z M12,7.378 c-2.552,0-4.622,2.069-4.622,4.622S9.448,16.622,12,16.622s4.622-2.069,4.622-4.622S14.552,7.378,12,7.378z M12,15 c-1.657,0-3-1.343-3-3s1.343-3,3-3s3,1.343,3,3S13.657,15,12,15z M16.804,6.116c-0.596,0-1.08,0.484-1.08,1.08 s0.484,1.08,1.08,1.08c0.596,0,1.08-0.484,1.08-1.08S17.401,6.116,16.804,6.116z\"><\/path><\/svg><span class=\"wp-block-social-link-label screen-reader-text\">Instagram<\/span><\/a><\/li><\/ul>\n<\/div>\n<\/div>\n\n\n\n<p><\/p>\n","protected":false},"excerpt":{"rendered":"<p>Sobre el proyecto El proyecto consiste en la creaci\u00f3n de una incubadora de podcasts en Granada, cuyo objetivo es impulsar la producci\u00f3n de contenidos enfocados en la diversidad cultural. Este proyecto busca utilizar el podcast como una herramienta para fomentar el emprendimiento y la creaci\u00f3n de redes culturales, promoviendo adem\u00e1s la sensibilizaci\u00f3n y visibilizando las [&hellip;]<\/p>\n","protected":false},"author":1,"featured_media":22,"parent":0,"menu_order":0,"comment_status":"closed","ping_status":"closed","template":"","meta":{"footnotes":""},"class_list":["post-6","page","type-page","status-publish","has-post-thumbnail","hentry"],"_links":{"self":[{"href":"https:\/\/elhervidero.reely.es\/index.php?rest_route=\/wp\/v2\/pages\/6","targetHints":{"allow":["GET"]}}],"collection":[{"href":"https:\/\/elhervidero.reely.es\/index.php?rest_route=\/wp\/v2\/pages"}],"about":[{"href":"https:\/\/elhervidero.reely.es\/index.php?rest_route=\/wp\/v2\/types\/page"}],"author":[{"embeddable":true,"href":"https:\/\/elhervidero.reely.es\/index.php?rest_route=\/wp\/v2\/users\/1"}],"replies":[{"embeddable":true,"href":"https:\/\/elhervidero.reely.es\/index.php?rest_route=%2Fwp%2Fv2%2Fcomments&post=6"}],"version-history":[{"count":7,"href":"https:\/\/elhervidero.reely.es\/index.php?rest_route=\/wp\/v2\/pages\/6\/revisions"}],"predecessor-version":[{"id":23,"href":"https:\/\/elhervidero.reely.es\/index.php?rest_route=\/wp\/v2\/pages\/6\/revisions\/23"}],"wp:featuredmedia":[{"embeddable":true,"href":"https:\/\/elhervidero.reely.es\/index.php?rest_route=\/wp\/v2\/media\/22"}],"wp:attachment":[{"href":"https:\/\/elhervidero.reely.es\/index.php?rest_route=%2Fwp%2Fv2%2Fmedia&parent=6"}],"curies":[{"name":"wp","href":"https:\/\/api.w.org\/{rel}","templated":true}]}}